{"version":"1.0","provider_name":"Amurrio Bidean. Garapen Agentzia - Agencia de desarrollo.","provider_url":"https:\/\/amurriobidean.org\/es\/","author_name":"Amurrio Bidean","author_url":"https:\/\/amurriobidean.org\/es\/author\/amurrio-bidean\/","title":"Nueva Edici\u00f3n del Taller Okupatu para la mejora de habilidades en el proceso de b\u00fasqueda de empleo. - Amurrio Bidean. Garapen Agentzia - Agencia de desarrollo.","type":"rich","width":600,"height":338,"html":"<blockquote class=\"wp-embedded-content\" data-secret=\"HzJ188DJbN\"><a href=\"https:\/\/amurriobidean.org\/es\/okupatu-tailerraren-edizio-berria-lana-bilatzeko-gaitasunak-hobetzeko\/\">Nueva Edici\u00f3n del Taller Okupatu para la mejora de habilidades en el proceso de b\u00fasqueda de empleo.<\/a><\/blockquote><iframe sandbox=\"allow-scripts\" security=\"restricted\" src=\"https:\/\/amurriobidean.org\/es\/okupatu-tailerraren-edizio-berria-lana-bilatzeko-gaitasunak-hobetzeko\/embed\/#?secret=HzJ188DJbN\" width=\"600\" height=\"338\" title=\"\u00abNueva Edici\u00f3n del Taller Okupatu para la mejora de habilidades en el proceso de b\u00fasqueda de empleo.\u00bb \u2014 Amurrio Bidean. Garapen Agentzia - Agencia de desarrollo.\" data-secret=\"HzJ188DJbN\" frameborder=\"0\" marginwidth=\"0\" marginheight=\"0\" scrolling=\"no\" class=\"wp-embedded-content\"><\/iframe><script type=\"text\/javascript\">\n\/* <![CDATA[ *\/\n\/*! This file is auto-generated *\/\n!function(d,l){\"use strict\";l.querySelector&&d.addEventListener&&\"undefined\"!=typeof URL&&(d.wp=d.wp||{},d.wp.receiveEmbedMessage||(d.wp.receiveEmbedMessage=function(e){var t=e.data;if((t||t.secret||t.message||t.value)&&!\/[^a-zA-Z0-9]\/.test(t.secret)){for(var s,r,n,a=l.querySelectorAll('iframe[data-secret=\"'+t.secret+'\"]'),o=l.querySelectorAll('blockquote[data-secret=\"'+t.secret+'\"]'),c=new RegExp(\"^https?:$\",\"i\"),i=0;i<o.length;i++)o[i].style.display=\"none\";for(i=0;i<a.length;i++)s=a[i],e.source===s.contentWindow&&(s.removeAttribute(\"style\"),\"height\"===t.message?(1e3<(r=parseInt(t.value,10))?r=1e3:~~r<200&&(r=200),s.height=r):\"link\"===t.message&&(r=new URL(s.getAttribute(\"src\")),n=new URL(t.value),c.test(n.protocol))&&n.host===r.host&&l.activeElement===s&&(d.top.location.href=t.value))}},d.addEventListener(\"message\",d.wp.receiveEmbedMessage,!1),l.addEventListener(\"DOMContentLoaded\",function(){for(var e,t,s=l.querySelectorAll(\"iframe.wp-embedded-content\"),r=0;r<s.length;r++)(t=(e=s[r]).getAttribute(\"data-secret\"))||(t=Math.random().toString(36).substring(2,12),e.src+=\"#?secret=\"+t,e.setAttribute(\"data-secret\",t)),e.contentWindow.postMessage({message:\"ready\",secret:t},\"*\")},!1)))}(window,document);\n\/* ]]> *\/\n<\/script>\n","thumbnail_url":"https:\/\/amurriobidean.org\/wp-content\/uploads\/2017\/04\/job-search-580299_960_720.png","thumbnail_width":960,"thumbnail_height":678,"description":"La Fundaci\u00f3n VITAL Fundazioa, a trav\u00e9s de la Cuadrilla de Ayala, subvenciona este taller que se desarrollar\u00e1 de 15 al 18 de mayo en Reforamurrio Enpresaldea. Tras los buenos resultados obtenidos en ediciones anteriores se ha decidido programar un nuevo Taller Okupatu con el fin de trabajar habilidades y competencias que faciliten el proceso de [&hellip;]"}

Nueva Edición del Taller Okupatu para la mejora de habilidades en el proceso de búsqueda de empleo. - Amurrio Bidean. Garapen Agentzia - Agencia de desarrollo.

<blockquote class="wp-embedded-content" data-secret="HzJ188DJbN"><a href="https://amurriobidean.org/es/okupatu-tailerraren-edizio-berria-lana-bilatzeko-gaitasunak-hobetzeko/">Nueva Edición del Taller Okupatu para la mejora de habilidades en el proceso de búsqueda de empleo.</a></blockquote><iframe sandbox="allow-scripts" security="restricted" src="https://amurriobidean.org/es/okupatu-tailerraren-edizio-berria-lana-bilatzeko-gaitasunak-hobetzeko/embed/#?secret=HzJ188DJbN" width="600" height="338" title="«Nueva Edición del Taller Okupatu para la mejora de habilidades en el proceso de búsqueda de empleo.» — Amurrio Bidean. Garapen Agentzia - Agencia de desarrollo." data-secret="HzJ188DJbN" frameborder="0" marginwidth="0" marginheight="0" scrolling="no" class="wp-embedded-content"></iframe><script type="text/javascript">
/* <![CDATA[ */
/*! This file is auto-generated */
!function(d,l){"use strict";l.querySelector&&d.addEventListener&&"undefined"!=typeof URL&&(d.wp=d.wp||{},d.wp.receiveEmbedMessage||(d.wp.receiveEmbedMessage=function(e){var t=e.data;if((t||t.secret||t.message||t.value)&&!/[^a-zA-Z0-9]/.test(t.secret)){for(var s,r,n,a=l.querySelectorAll('iframe[data-secret="'+t.secret+'"]'),o=l.querySelectorAll('blockquote[data-secret="'+t.secret+'"]'),c=new RegExp("^https?:$","i"),i=0;i<o.length;i++)o[i].style.display="none";for(i=0;i<a.length;i++)s=a[i],e.source===s.contentWindow&&(s.removeAttribute("style"),"height"===t.message?(1e3<(r=parseInt(t.value,10))?r=1e3:~~r<200&&(r=200),s.height=r):"link"===t.message&&(r=new URL(s.getAttribute("src")),n=new URL(t.value),c.test(n.protocol))&&n.host===r.host&&l.activeElement===s&&(d.top.location.href=t.value))}},d.addEventListener("message",d.wp.receiveEmbedMessage,!1),l.addEventListener("DOMContentLoaded",function(){for(var e,t,s=l.querySelectorAll("iframe.wp-embedded-content"),r=0;r<s.length;r++)(t=(e=s[r]).getAttribute("data-secret"))||(t=Math.random().toString(36).substring(2,12),e.src+="#?secret="+t,e.setAttribute("data-secret",t)),e.contentWindow.postMessage({message:"ready",secret:t},"*")},!1)))}(window,document);
/* ]]> */
</script>

La Fundación VITAL Fundazioa, a través de la Cuadrilla de Ayala, subvenciona este taller que se desarrollará de 15 al 18 de mayo en Reforamurrio Enpresaldea. Tras los buenos resultados obtenidos en ediciones anteriores se ha decidido programar un nuevo Taller Okupatu con el fin de trabajar habilidades y competencias que faciliten el proceso de [&hellip;]
