{"version":"1.0","provider_name":"Amurrio Bidean. Garapen Agentzia - Agencia de desarrollo.","provider_url":"https:\/\/amurriobidean.org\/es\/","author_name":"Amurrio Bidean","author_url":"https:\/\/amurriobidean.org\/es\/author\/amurrio-bidean\/","title":"LA FIESTA DEL TXAKOLI ALAV\u00c9S SE CELEBRA ESTE DOMINGO EN AMURRIO - Amurrio Bidean. Garapen Agentzia - Agencia de desarrollo.","type":"rich","width":600,"height":338,"html":"<blockquote class=\"wp-embedded-content\" data-secret=\"p6zq8GtaQk\"><a href=\"https:\/\/amurriobidean.org\/es\/arabako-txakolinaren-festa-igande-honetan-ospatuko-da-amurrion\/\">LA FIESTA DEL TXAKOLI ALAV\u00c9S SE CELEBRA ESTE DOMINGO EN AMURRIO<\/a><\/blockquote><iframe sandbox=\"allow-scripts\" security=\"restricted\" src=\"https:\/\/amurriobidean.org\/es\/arabako-txakolinaren-festa-igande-honetan-ospatuko-da-amurrion\/embed\/#?secret=p6zq8GtaQk\" width=\"600\" height=\"338\" title=\"\u00abLA FIESTA DEL TXAKOLI ALAV\u00c9S SE CELEBRA ESTE DOMINGO EN AMURRIO\u00bb \u2014 Amurrio Bidean. Garapen Agentzia - Agencia de desarrollo.\" data-secret=\"p6zq8GtaQk\" frameborder=\"0\" marginwidth=\"0\" marginheight=\"0\" scrolling=\"no\" class=\"wp-embedded-content\"><\/iframe><script type=\"text\/javascript\">\n\/* <![CDATA[ *\/\n\/*! This file is auto-generated *\/\n!function(d,l){\"use strict\";l.querySelector&&d.addEventListener&&\"undefined\"!=typeof URL&&(d.wp=d.wp||{},d.wp.receiveEmbedMessage||(d.wp.receiveEmbedMessage=function(e){var t=e.data;if((t||t.secret||t.message||t.value)&&!\/[^a-zA-Z0-9]\/.test(t.secret)){for(var s,r,n,a=l.querySelectorAll('iframe[data-secret=\"'+t.secret+'\"]'),o=l.querySelectorAll('blockquote[data-secret=\"'+t.secret+'\"]'),c=new RegExp(\"^https?:$\",\"i\"),i=0;i<o.length;i++)o[i].style.display=\"none\";for(i=0;i<a.length;i++)s=a[i],e.source===s.contentWindow&&(s.removeAttribute(\"style\"),\"height\"===t.message?(1e3<(r=parseInt(t.value,10))?r=1e3:~~r<200&&(r=200),s.height=r):\"link\"===t.message&&(r=new URL(s.getAttribute(\"src\")),n=new URL(t.value),c.test(n.protocol))&&n.host===r.host&&l.activeElement===s&&(d.top.location.href=t.value))}},d.addEventListener(\"message\",d.wp.receiveEmbedMessage,!1),l.addEventListener(\"DOMContentLoaded\",function(){for(var e,t,s=l.querySelectorAll(\"iframe.wp-embedded-content\"),r=0;r<s.length;r++)(t=(e=s[r]).getAttribute(\"data-secret\"))||(t=Math.random().toString(36).substring(2,12),e.src+=\"#?secret=\"+t,e.setAttribute(\"data-secret\",t)),e.contentWindow.postMessage({message:\"ready\",secret:t},\"*\")},!1)))}(window,document);\n\/* ]]> *\/\n<\/script>\n","thumbnail_url":"https:\/\/amurriobidean.org\/wp-content\/uploads\/2018\/05\/cartel-.jpg","thumbnail_width":"1828","thumbnail_height":"1090","description":"La asociaci\u00f3n Arabako Txakolina celebra este domingo en Amurrio la vig\u00e9sima edici\u00f3n del Txakolin Eguna. Este consolidado evento permitir\u00e1\u00a0 promocionar, un a\u00f1o m\u00e1s, los productos del territorio alav\u00e9s. En el parque Juan Urrutia se dar\u00e1n cita el domingo los mejores txakolis producidos por siete bodegas, incluidas en la Denominaci\u00f3n de Origen Arabako Txakolina. El Txakolin [&hellip;]"}

LA FIESTA DEL TXAKOLI ALAVÉS SE CELEBRA ESTE DOMINGO EN AMURRIO - Amurrio Bidean. Garapen Agentzia - Agencia de desarrollo.

<blockquote class="wp-embedded-content" data-secret="p6zq8GtaQk"><a href="https://amurriobidean.org/es/arabako-txakolinaren-festa-igande-honetan-ospatuko-da-amurrion/">LA FIESTA DEL TXAKOLI ALAVÉS SE CELEBRA ESTE DOMINGO EN AMURRIO</a></blockquote><iframe sandbox="allow-scripts" security="restricted" src="https://amurriobidean.org/es/arabako-txakolinaren-festa-igande-honetan-ospatuko-da-amurrion/embed/#?secret=p6zq8GtaQk" width="600" height="338" title="«LA FIESTA DEL TXAKOLI ALAVÉS SE CELEBRA ESTE DOMINGO EN AMURRIO» — Amurrio Bidean. Garapen Agentzia - Agencia de desarrollo." data-secret="p6zq8GtaQk" frameborder="0" marginwidth="0" marginheight="0" scrolling="no" class="wp-embedded-content"></iframe><script type="text/javascript">
/* <![CDATA[ */
/*! This file is auto-generated */
!function(d,l){"use strict";l.querySelector&&d.addEventListener&&"undefined"!=typeof URL&&(d.wp=d.wp||{},d.wp.receiveEmbedMessage||(d.wp.receiveEmbedMessage=function(e){var t=e.data;if((t||t.secret||t.message||t.value)&&!/[^a-zA-Z0-9]/.test(t.secret)){for(var s,r,n,a=l.querySelectorAll('iframe[data-secret="'+t.secret+'"]'),o=l.querySelectorAll('blockquote[data-secret="'+t.secret+'"]'),c=new RegExp("^https?:$","i"),i=0;i<o.length;i++)o[i].style.display="none";for(i=0;i<a.length;i++)s=a[i],e.source===s.contentWindow&&(s.removeAttribute("style"),"height"===t.message?(1e3<(r=parseInt(t.value,10))?r=1e3:~~r<200&&(r=200),s.height=r):"link"===t.message&&(r=new URL(s.getAttribute("src")),n=new URL(t.value),c.test(n.protocol))&&n.host===r.host&&l.activeElement===s&&(d.top.location.href=t.value))}},d.addEventListener("message",d.wp.receiveEmbedMessage,!1),l.addEventListener("DOMContentLoaded",function(){for(var e,t,s=l.querySelectorAll("iframe.wp-embedded-content"),r=0;r<s.length;r++)(t=(e=s[r]).getAttribute("data-secret"))||(t=Math.random().toString(36).substring(2,12),e.src+="#?secret="+t,e.setAttribute("data-secret",t)),e.contentWindow.postMessage({message:"ready",secret:t},"*")},!1)))}(window,document);
/* ]]> */
</script>

La asociación Arabako Txakolina celebra este domingo en Amurrio la vigésima edición del Txakolin Eguna. Este consolidado evento permitirá  promocionar, un año más, los productos del territorio alavés. En el parque Juan Urrutia se darán cita el domingo los mejores txakolis producidos por siete bodegas, incluidas en la Denominación de Origen Arabako Txakolina. El Txakolin [&hellip;]
